le of 1033?
True
Is 327 a factor of 22537821?
True
Is 54858372 a multiple of 12?
True
Is 18272737 a multiple of 144?
False
Does 74 divide 140813268?
True
Is 49015769 a multiple of 1097?
False
Does 1745 divide 967437122?
False
Does 309 divide 3970179?
False
Does 8 divide 15179612?
False
Is 37408566 a multiple of 26?
True
Is 11 a factor of 206069347?
True
Does 29 divide 29402393?
False
Is 592 a factor of 33250311?
False
Is 249394409 a multiple of 11?
True
Is 15 a factor of 15769830?
True
Does 13 divide 5503276?
False
Does 17 divide 1398879?
True
Does 448 divide 366065728?
True
Is 20 a factor of 88939760?
True
Does 62 divide 2747967224?
True
Is 14 a factor of 21075530?
True
Does 118 divide 2068776?
True
Does 738 divide 284099004?
True
Is 48790084 even?
True
Is 84691361 a multiple of 2205?
False
Is 1027 a factor of 1006090?
False
Is 16417746 a multiple of 58?
False
Is 121468330 a multiple of 21?
False
Does 77 divide 2036650?
True
Does 2 divide 43907069?
False
Does 351 divide 96075720?
True
Does 1197 divide 51102324?
True
Is 858707725 a multiple of 5?
True
Does 23 divide 49880031?
True
Is 25192080 a multiple of 20?
True
Does 13 divide 688997153?
True
Does 7203 divide 1656145601?
False
Is 333090646 a multiple of 14?
True
Is 6824900 a multiple of 63?
False
Does 2036 divide 10549922?
False
Does 186 divide 622540326?
True
Does 8 divide 82593483?
False
Is 680856 a multiple of 4?
True
Does 7 divide 734383769?
True
Does 49 divide 3621100?
True
Does 279 divide 51736365?
True
Is 3200684160 a multiple of 30?
True
Is 4 a factor of 1209331?
False
Is 954270670 a multiple of 22?
False
Is 3781 a factor of 585170246?
True
Does 7 divide 1752933?
True
Is 268294980 a multiple of 246?
True
Is 6 a factor of 1672940?
False
Does 409 divide 20593559?
True
Is 50 a factor of 19698158?
False
Does 631 divide 770240877?
True
Is 9 a factor of 118147000?
False
Is 29677965 a multiple of 81?
False
Is 11 a factor of 13730528?
False
Is 889707 a multiple of 2?
False
Is 805972049 a multiple of 76?
False
Does 253 divide 454979405?
False
Is 212 a factor of 103928548?
True
Is 303 a factor of 127224369?
False
Does 5102 divide 91065598?
True
Is 276531090 a multiple of 22?
True
Is 6306 a factor of 404681244?
True
Is 6788445 a multiple of 47?
True
Is 30934827 a multiple of 70?
False
Is 143128109 a multiple of 101?
False
Is 14498955 a multiple of 381?
True
Does 19 divide 13983430?
True
Is 18719424 a multiple of 23?
True
Does 305 divide 3233627?
False
Is 256 a factor of 401798912?
True
Does 6171 divide 556167546?
True
Is 444808662 a multiple of 380?
False
Is 27891759 a multiple of 180?
False
Does 173 divide 4109738?
False
Does 74 divide 75406310?
False
Is 926 a factor of 87819062?
True
Is 345 a factor of 227119199?
False
Does 8 divide 8761424?
True
Is 31 a factor of 189812002?
False
Is 75711026 a multiple of 236?
False
Is 1506681736 a multiple of 4648?
True
Does 12 divide 14003124?
True
Is 7 a factor of 111462657?
False
Is 184 a factor of 172534790?
False
Does 2889 divide 236635442?
False
Is 1598426890 a multiple of 1082?
False
Is 6095 a factor of 305822720?
True
Is 858 a factor of 81686748?
True
Does 1625 divide 13459875?
True
Is 9 a factor of 47127330?
True
Is 2809 a factor of 630081172?
True
Is 864 a factor of 121915385?
False
Is 416 a factor of 197668224?
True
Is 270 a factor of 415450890?
True
Does 228 divide 10708646?
False
Does 20 divide 289433160?
True
Is 44051882 a multiple of 854?
True
Does 50 divide 5636257650?
True
Is 209795611 a multiple of 6491?
True
Does 3159 divide 212000490?
True
Is 329802660 a multiple of 15?
True
Is 1014508 a multiple of 22?
True
Is 117 a factor of 1643159934?
True
Does 4481 divide 813677904?
True
Does 13 divide 129248886?
True
Is 414232392 a multiple of 7?
True
Does 3019 divide 784467540?
False
Does 9 divide 35811311?
False
Does 153 divide 416268567?
False
Does 86 divide 25307249?
False
Is 48 a factor of 8100905?
False
Does 280 divide 52866035?
False
Does 7 divide 2445967?
False
Is 416904503 a multiple of 99?
False
Is 900 a factor of 115773417?
False
Does 11 divide 1565928986?
False
Is 3586463943 a multiple of 399?
False
Is 35 a factor of 12701775?
False
Is 6297 a factor of 2106651925?
False
Does 178 divide 4691830?
False
Is 58770972 a multiple of 117?
True
Is 64771344 a multiple of 412?
True
Is 535 a factor of 37475680?
True
Does 130 divide 126985430?
True
Does 33 divide 15762739?
False
Does 16 divide 3412172656?
True
Is 182 a factor of 557770906?
False
Is 73 a factor of 1162649319?
True
Does 3 divide 44732853?
True
Does 29 divide 388006624?
False
Is 235 a factor of 31286255?
True
Is 81265265 a multiple of 2?
False
Does 16 divide 309416060?
False
Is 184777648 a multiple of 16?
True
Does 2 divide 913550?
True
Is 85 a factor of 69639236?
False
Is 1595 a factor of 160347614?
False
Is 122294590 a multiple of 38?
False
Is 364 a factor of 1574966438?
False
Is 876 a factor of 36000972?
True
Is 438 a factor of 100564491?
False
Is 15 a factor of 2760615891?
False
Is 98 a factor of 40306739?
False
Is 10871725 a multiple of 1525?
True
Is 60 a factor of 724383757?
False
Is 108933070 a multiple of 31?
True
Is 26668704 a multiple of 608?
True
Is 2153180 a multiple of 1990?
True
Is 1995366285 a multiple of 8?
False
Does 10 divide 772700182?
False
Does 253 divide 110070433?
True
Is 107507269 a multiple of 584?
False
Is 22981439 a multiple of 925?
False
Is 18503482 a multiple of 57?
False
Is 1638 a factor of 152692722?
True
Is 2050 a factor of 699732650?
True
Does 1621 divide 72298221?
True
Does 44 divide 48708924?
True
Is 21 a factor of 91727790?
True
Is 11 a factor of 13326577?
True
Is 526 a factor of 63867455?
False
Is 5912230 a multiple of 2?
True
Is 183201300 a multiple of 915?
True
Is 32 a factor of 418826688?
True
Is 12890725 a multiple of 22?
False
Does 132 divide 79130811?
False
Is 118495264 a multiple of 184?
True
Is 10519990 a multiple of 26?
True
Does 1506 divide 143999202?
True
Does 419 divide 7130542?
True
Does 30 divide 12345079?
False
Does 5 divide 19060440?
True
Does 107 divide 192386?
True
Is 55 a factor of 565594095?
True
Does 27 divide 55184571?
True
Does 12 divide 53351275?
False
Is 23564898 a multiple of 93?
True
Is 73 a factor of 474776013?
True
Is 276975777 a multiple of 91?
False
Does 253 divide 2505074?
False
Does 912 divide 935772192?
True
Is 55954903 a multiple of 4?
False
Does 18 divide 16874668?
False
Is 751384760 a multiple of 629?
False
Is 425326038 a multiple of 366?
True
Does 488 divide 35796264?
True
Is 233004777 a multiple of 196?
False
Is 443580 a multiple of 10?
True
Is 8 a factor of 345274?
False
Does 59 divide 7592587?
False
Is 1451214340 a multiple of 772?
False
Does 43 divide 341920692?
True
Is 25335771 a multiple of 763?
False
Does 394 divide 923142?
True
Is 174516276 a multiple of 326?
True
Is 492636109 a multiple of 1883?
True
Is 465721956 a multiple of 21?
True
Is 4059 a factor of 2816066970?
False
Does 36 divide 16195402?
False
Does 10 divide 291501968?
False
Is 17440946 a multiple of 391?
True
Does 284 divide 188648136?
True
Is 104 a factor of 15009384?
True
Is 15 a factor of 281110635?
True
Is 136177839 a multiple of 1276?
False
Is 272 a factor of 1994157120?
True
Is 5 a factor of 42189518?
False
Is 5788324 a multiple of 127?
False
Is 91 a factor of 800619183?
True
Does 21 divide 248723433?
True
Is 48 a factor of 251294041?
False
Does 17 divide 113670279?
True
Does 21 divide 197877330?
True
Is 3 a factor of 87550167?
True
Does 381 divide 780940653?
True
Is 2289 a factor of 394335186?
True
Does 2925 divide 680729400?
True
Is 167459460 a multiple of 980?
True
Does 970 divide 769226186?
False
Is 4 a factor of 1983808?
True
Is 1202 a factor of 63124373?
False
Is 1008308925 a multiple of 114?
False
Is 584237213 a multiple of 331?
False
Is 29934221 a multiple of 8?
False
Does 224 divide 114353792?
True
Does 28 divide 145194224?
True
Is 14278790 a multiple of 10?
True
Is 30959656 a multiple of 184?
True
Is 16003750 a multiple of 775?
True
Is 389479701 a multiple of 900?
False
Does 51 divide 1667960049?
True
Is 387068029 a multiple of 150?
False
Does 270 divide 18083191?
False
Is 15863083 a multiple of 2576?
False
Is 7204345 a multiple of 5?
True
Is 23877984 a multiple of 38?
True
Does 2154 divide 18589020?
True
Does 18 divide 